
-19
Let g(n) = -272*n - 11. Let l(a) = 210*a + 10. Let v(m) = 3*g(m) + 4*l(m). Calculate v(-3).
-65
Suppose 5*s + 3 + 7 = 0, -3*s = -3*p. Let b be ((-72)/42)/(p/(-7)). Let k(m) = 0*m**2 - 9*m - 3 + 2*m - m**2. Calculate k(b).
3
Suppose -2*x + x = -5*r - 25, 5*x + 25 = -5*r. Let y(m) = -m**3 - 3 + x + 8*m + 46*m**2 - 40*m**2. Let a(p) = p**2 + 9*p + 7. Let q be a(-9). Determine y(q).
4
Let b be (104/(-60) - (-4)/3)/((-126)/1260). Let v(y) = -7*y**2 - 5*y + 1. Determine v(b).
-131
Let l be 84/(-8)*12/(-18). Let m(k) be the first derivative of k**3/3 - 7*k**2/2 - 6*k - 42. Calculate m(l).
-6
Let r(t) = -105*t + 204*t + 5 - 100*t. Suppose 2*o = 5*j - 3*o - 90, -4*j = -o - 84. Let x = j + -16. What is r(x)?
-1
Let h(a) = a**2 - 48. Suppose 0 = -18*u - 21*u. Give h(u).
-48
Suppose 0 = 3*j - 5*m - 40, 5*j - 8*m + 3*m = 50. Suppose 3 = j*u - 22, 30 = -5*i + 5*u. Let b(l) = 9*l - 1. Calculate b(i).
-10
Let x(o) be the first derivative of -9*o**2 + 55*o + 1413. Give x(3).
1
Let r = 2267 + -2271. Let y(s) = 4 + 8*s + 2 - 4. What is y(r)?
-30
Suppose 85*b + 108 = 97*b. Let m = 7 - 12. Let s(z) = 3*z - 7. Let p(t) = -6*t + 15. Let q(v) = m*s(v) - 2*p(v). Calculate q(b).
-22
Let b(s) = -48*s**2 - 8*s + 3. Let w(l) = 7*l**2 - 2*l + 1. Let i(p) = b(p) - 2*w(p). What is i(1)?
-65
Let u(h) be the second derivative of -3*h**5/4 - h**4/3 - 2*h**3/3 - h**2/2 - 36*h + 11. What is u(-1)?
14
Let x(g) be the first derivative of g**4/4 - 17*g**3/3 - g**2 + 27*g + 1657. What is x(17)?
-7
Let u(x) = -3*x. Let s = -57 - 45. Let k = -97 - s. Suppose -4*d = -k*d - 1. Give u(d).
3
Let f(z) = -z**2 - 6*z + 85. Let s = -22902 + 22909. Give f(s).
-6
Let z(r) be the first derivative of -1/4*r**4 + 2*r**3 - 118 - 2*r**2 + 4*r. What is z(5)?
9
Let j(h) = -270*h - 1344. Let x be j(-5). Let b(k) be the third derivative of k**5/60 - 3*k**4/8 + 4*k**3/3 - 7*k**2. Give b(x).
-10
Let w(o) be the second derivative of 2*o**3/3 + 50*o**2 - 21*o + 21. Calculate w(-27).
-8
Let c(b) = b**2 + b - 4. Let a = -86 + 93. Suppose 0 = a*d - d. Calculate c(d).
-4
Let f = -1 + -1. Let h(w) = -w**3 + 4*w**2 - 20*w - 59. Let q(v) = -v**2 + 3*v + 10. Let c(o) = h(o) + 6*q(o). What is c(f)?
5
Let o(i) = 2*i**2 - 3. Suppose -174*c + 177*c - 87 = 0. Let k(g) = -8*g - 1 - 21*g + g**2 + c*g. Let d(y) = 5*k(y) - 2*o(y). Calculate d(2).
5
Let k(q) = -q. Suppose 3*d - 48 = -0. Let m(t) = 27*t - 42. Let r(n) = 39*n - 43. Let b(a) = -3*m(a) + 2*r(a). Let o be b(d). Calculate k(o).
8
Suppose -10 = 3*v + 8. Let q be (-332)/(-5) - v/10. Let s(p) = 32*p + 3 + p**2 - q*p + 29*p. Give s(5).
-2
Let l be ((-42)/7 - -2)*(-240)/(-64). Let r(o) = -o**3 - 17*o**2 - 26*o + 62. Determine r(l).
2
Let y(q) = 5*q**2 - 14*q + 14. Suppose d + 11 = 10, -67 = 4*i - d. Let u(x) = -14*x**2 + 42*x - 42. Let k(v) = i*y(v) - 6*u(v). Give k(-15).
-1
Let a = 233 - 231. Let x(m) = -1 + 5*m - 7*m - m**2 - 7*m**a + 24*m**2. Give x(-1).
17
Let p(o) be the second derivative of -o**7/2520 + o**6/240 - o**4/3 + 4*o. Let q(m) be the third derivative of p(m). Suppose 0 = -z - 0*z + 3. What is q(z)?
0
Let k(c) be the first derivative of -c**2 - 35 + 1/4*c**4 + 1/3*c**3 + 2*c. Calculate k(2).
10
Let l(y) = -y**3 + 4*y**2 - 3*y - 2. Let v be (-4)/40*4 - 107/(-5). Suppose 9*z - 6 - v = 0. Calculate l(z).
-2
Let l(y) = -31*y - 3 + 22*y + 13*y. Let s = -56 + 49. Let j(c) = -c**3 - 7*c**2 + 2*c + 16. Let x be j(s). Determine l(x).
5
Let l(p) = -2*p**3 - 18*p**2 + 12*p + 6. Suppose 393*h + 4187 - 257 = 0. What is l(h)?
86
Let u = 724 + -719. Let z(a) = 3*a**2 - 11*a - 15. What is z(u)?
5
Suppose -44*t + 15*t = -261. Let v(f) = 0 - t*f + 4 + 9*f - 3 + 2*f. Calculate v(-7).
-13
Let t(i) = -6*i + 52. Let y(r) = 2*r**3 - 20*r**2 - 3*r + 38. Let g be y(10). Calculate t(g).
4
Let o(r) = -5*r**3 - 5*r**2 + 6*r - 42. Let n(v) = 4*v**3 + 6*v**2 - 6*v + 41. Let g(i) = 4*n(i) + 3*o(i). What is g(-10)?
-2
Let o(l) = 110*l - 159. Let m(f) = -51*f + 78. Let u(a) = 5*m(a) + 2*o(a). Calculate u(2).
2
Let g be ((-2)/(-1))/(12/24). Let a(y) = -2 + y**2 + 9*y + 4 - 3. Let f(r) = 2*r**2 + 10*r - 2. Let o(q) = 3*a(q) - 2*f(q). Give o(g).
13
Let o(y) = y - 5. Let x(k) be the first derivative of k**4/4 + k**3 - 2*k**2 + 40. Let i be x(-4). Determine o(i).
-5
Let p(g) be the second derivative of g**3/6 + 9*g**2/2 + g. Let u be p(-7). Let c(q) be the third derivative of q**4/24 + q**3/6 - 218*q**2 + 6. Determine c(u).
3
Suppose -4*z = 9*z - 1404. Let u be (z/((-45)/5))/(-1 + -1). Suppose u = -m + k, m + 9 - 3 = 5*k. Let s(i) = -2*i - 8. What is s(m)?
4
Let n(y) be the third derivative of -y**5/20 + 23*y**3/3 - 42*y**2. Suppose -6*j + 8 = 26. Let o(q) = -2*q**2 + 23. Let s(c) = j*n(c) + 5*o(c). Determine s(0).
-23
Let y(a) = 120 - 2*a - 123 - a**2 - 9*a + 19*a + 8*a. Determine y(15).
12
Suppose -6 = 4*o + 6. Let a(j) = 120*j**3 + 3*j**2 + 107*j**3 + 123*j**3 + 3 + 3*j + 130*j**3 + 121*j**3 - 600*j**3. Calculate a(o).
-6
Let p(a) be the first derivative of a**3/3 + 11*a**2/2 - 15*a - 53. Let s be p(-12). Let d(z) = z**2 + 4*z - 2. Calculate d(s).
-5
Let w(n) = -n - 3*n + 17*n - 2 - 12*n. Let s(v) = -v**2 + 10*v - 11. Let g be s(6). Let p = g - 7. What is w(p)?
4
Suppose 45 = 31*r - 26*r. Let f(k) = 5 - 1783*k + 3575*k - 1793*k + 9. What is f(r)?
5
Let c(q) = -747*q**2 - 10*q + 1 - 688*q**2 + 1438*q**2. Give c(-3).
58
Let g = 1609 - 1606. Let q(p) be the second derivative of p**3/6 + p. Let z(h) = -4*h - 2. Let x(k) = g*q(k) + z(k). Calculate x(3).
-5
Let y(j) = -j**3 + 5*j**2. Let n(g) = -3*g - 1. Let a(z) = z + 2. Let m be a(-5). Let b be n(m). Let w be 5 + -3 - (-24)/b. Determine y(w).
0
Let m(u) = 12*u - 4*u + 15*u - u + 168 - 10*u. What is m(-13)?
12
Let s(u) = -u**2 - 23*u + 322. Let r = -15770 - -15737. Determine s(r).
-8
Let i(o) be the second derivative of -2*o**3/3 + 12*o**2 - 2*o - 11. Determine i(18).
-48
Let b(t) = 3*t**3 - 2*t - 14635*t**2 + 14627*t**2 - t**3 + 1 - t - 3*t**3. Calculate b(-6).
-53
Suppose -13*v + 9*v - 28 = 0. Let o(d) = -d**2 + d + 2. Let q(c) = c**3 + 4*c**2 + 11*c + 7. Let n(t) = -4*o(t) + q(t). Give n(v).
-1
Let n be (-43)/(-731)*34*(-1)/((-4)/5). Let u(s) be the second derivative of 20*s - 5/12*s**4 - 1/20*s**5 - n*s**2 + 0 - 7/6*s**3. Calculate u(-4).
7
Suppose 0 = 66*b - 0*b - 1584. Let w(k) = k**3 - 23*k**2 - 23*k - 32. Determine w(b).
-8
Let j(c) = 46718*c**2 - 46717*c**2 - 32 + 4*c - 34. Determine j(-10).
-6
Let f(v) = -v**3 - 2*v**2 + 11*v - 4. Let u(n) = -42*n + 2515. Let o be u(60). Give f(o).
16
Let o(q) be the first derivative of q**4/4 - 8*q**3/3 - 3*q**2/2 + 5*q + 1. Let g be (-1)/11*1 + 178/22. What is o(g)?
-19
Let u(m) be the second derivative of 7*m**3/3 + 42*m**2 + 3483*m. Calculate u(-6).
0
Let a = 2 + -8. Let o(j) be the second derivative of 11*j + 0 - 3/2*j**3 - 7/2*j**2 - 1/12*j**4. Calculate o(a).
11
Suppose -5 = o, m + 3*o - 10 = -4*m. Suppose -u + 5*p = 17, 4*u - 4*p - 1 + m = 0. Suppose -2*t + u = -3*t. Let r(g) = -g**3 - 3*g**2 - g - 3. Give r(t).
0
Let m be 2/(-7) + (-1944)/(-42). Let n = -43 + m. Let x be n*(-2)/(-12)*2. Let w(r) = -7*r. Determine w(x).
-7
Let m(b) = -b**2 + 12 - 8*b - 4*b**2 - 4*b - 23 + b**2. Calculate m(-1).
-3
Let f(c) = c**3 - 9*c**2 + 10*c - 9. Let m(l) = -l**2 + 18*l - 42. Let d be m(16). Let b be ((-32)/d)/(12/30). Determine f(b).
7
Let u(j) = 2*j - 4. Let m(r) = -r**3 - 33*r**2 + 3*r + 99. Let y be m(-33). Suppose y = 19*g - 9 - 105. Calculate u(g).
8
Let x(u) be the second derivative of 2*u**4/3 + 25*u**3/6 - u**2 + 895*u. What is x(-3)?
-5
Let f = 217 + -204. Let q(a) = -17*a + 1 + 5*a + f*a. Let o(w) = w - 6. Let i be o(5). Give q(i).
0
Let h(f) = -f**2 + f + 1. Let i = -240 + 236. Let k(w) = 5*w**2 - 6*w - 8. Let c(m) = i*h(m) - k(m). What is c(5)?
-11
Let c(n) = -31*n**3 - 36*n**2 + 8*n + 9. Let i(u) = -4*u**3 - 4*u**2 + u. Let d(k) = -c(k) + 8*i(k). Give d(3).
0
Let f(d) = d**2 - 36*d + 169. Let u = 23557 + -23551. What is f(u)?
-11
Let a(q) = 15*q**2 + 64*q + 119. Let l(i) = -5*i**2 - 20*i - 37. Let u(r) = 5*a(r) + 16*l(r). Give u(2).
-17
Let r(p) = p**3 + 6*p**2 - 2*p - 6. Let s be 836/10 + 2/5. Suppose -s = -4*w + 36. Let d be ((-8)/10)/(4/w). Calculate r(d).
6
Suppose -42*h + 3*c = -37*h - 44, -5*c + 60 = 5*h. Let o(n) = 6*n - 20. Determine o(h).
40
Let c(m) = 11*m + 389. Let v(x) 